mon factor of 1488 and 93?
93
Calculate the greatest common divisor of 316 and 4.
4
What is the greatest common divisor of 204 and 300?
12
What is the greatest common divisor of 56 and 120?
8
What is the greatest common factor of 140 and 105?
35
Calculate the highest common factor of 138 and 45126.
138
What is the greatest common divisor of 39 and 117?
39
What is the highest common divisor of 639 and 45?
9
Calculate the greatest common factor of 1284 and 216.
12
Calculate the highest common factor of 23830 and 30.
10
Calculate the highest common divisor of 35 and 14.
7
Calculate the highest common factor of 10 and 490.
10
Calculate the greatest common factor of 146 and 2482.
146
What is the highest common divisor of 1 and 127?
1
What is the highest common divisor of 4706 and 117?
13
What is the highest common factor of 5550 and 6?
6
Calculate the greatest common divisor of 956 and 4.
4
What is the greatest common factor of 54 and 6?
6
Calculate the highest common divisor of 48 and 304.
16
What is the highest common divisor of 390 and 15?
15
What is the highest common factor of 2 and 188?
2
What is the highest common factor of 90 and 750?
30
What is the highest common factor of 1 and 41?
1
Calculate the highest common factor of 16241 and 218.
109
Calculate the highest common divisor of 9 and 5.
1
What is the highest common divisor of 6180 and 120?
60
Calculate the greatest common divisor of 45401 and 166.
83
What is the greatest common factor of 67954 and 122?
122
Calculate the greatest common divisor of 23693 and 29.
29
What is the highest common divisor of 168 and 280?
56
What is the greatest common divisor of 16 and 7792?
16
Calculate the greatest common divisor of 45463 and 22.
11
Calculate the greatest common divisor of 17061 and 564.
141
What is the greatest common divisor of 130 and 156?
26
What is the greatest common factor of 88 and 6248?
88
Calculate the highest common divisor of 3144 and 2.
2
Calculate the greatest common factor of 428 and 535.
107
Calculate the highest common divisor of 1000 and 24.
8
What is the greatest common factor of 1325 and 106?
53
Calculate the greatest common factor of 100 and 5950.
50
What is the highest common factor of 16 and 5776?
16
What is the highest common divisor of 693 and 252?
63
Calculate the highest common divisor of 5964 and 639.
213
What is the greatest common divisor of 30 and 1470?
30
What is the highest common divisor of 16 and 784?
16
Calculate the highest common divisor of 18 and 3576.
6
What is the highest common factor of 100 and 325?
25
Calculate the highest common factor of 8126 and 102.
34
Calculate the greatest common factor of 69 and 368.
23
Calculate the greatest common divisor of 91 and 1547.
91
Calculate the highest common divisor of 96 and 77856.
96
What is the highest common factor of 65 and 1885?
65
What is the highest common divisor of 25 and 10525?
25
Calculate the highest common factor of 8840 and 104.
104
Calculate the highest common factor of 2670 and 30.
30
What is the greatest common divisor of 8 and 34?
2
What is the highest common factor of 2139 and 1311?
69
Calculate the greatest common divisor of 35 and 75.
5
What is the greatest common divisor of 35 and 555?
5
Calculate the greatest common divisor of 343 and 36701.
343
Calculate the greatest common divisor of 24 and 540.
12
Calculate the highest common divisor of 342 and 18.
18
What is the highest common factor of 62 and 124?
62
Calculate the highest common divisor of 245 and 105.
35
Calculate the highest common factor of 14 and 26936.
14
Calculate the greatest common divisor of 30 and 120.
30
What is the greatest common factor of 88 and 16918?
22
Calculate the highest common factor of 6608 and 118.
118
What is the highest common divisor of 78 and 11648?
26
What is the greatest common divisor of 8995 and 210?
35
Calculate the greatest common divisor of 170 and 10.
10
What is the greatest common divisor of 20 and 500?
20
Calculate the greatest common factor of 26 and 1417.
13
What is the highest common factor of 7661 and 47?
47
What is the highest common factor of 24676 and 124?
124
What is the highest common divisor of 279 and 496?
31
Calculate the greatest common divisor of 39 and 975.
39
Calculate the highest common factor of 364 and 208.
52
Calculate the highest common divisor of 8 and 11276.
4
What is the greatest common factor of 248 and 899?
31
What is the highest common factor of 13 and 260?
13
What is the greatest common factor of 6099 and 57?
57
What is the highest common factor of 10703 and 77?
77
Calculate the highest common divisor of 585 and 90.
45
What is the greatest common divisor of 470 and 1504?
94
What is the highest common factor of 130 and 208?
26
Calculate the greatest common divisor of 1 and 257.
1
Calculate the highest common factor of 60 and 780.
60
Calculate the highest common divisor of 39 and 11583.
39
Calculate the greatest common divisor of 130 and 13.
13
What is the greatest common factor of 200 and 16?
8
What is the highest common divisor of 1644 and 36?
12
Calculate the greatest common factor of 51 and 816.
51
What is the greatest common factor of 20 and 60?
20
What is the greatest common factor of 205 and 10?
5
Calculate the highest common divisor of 6 and 138.
6
What is the greatest common divisor of 1886 and 46?
46
What is the greatest common factor of 30 and 40?
10
What is the greatest common factor of 203 and 319?
29
What is the greatest common factor of 372 and 12?
12
What is the greatest common factor of 1544 and 4825?
193
What is the highest common divisor of 1050 and 14?
14
What is the highest common factor of 11 and 671?
11
What is the greatest common factor of 648 and 18?
18
Calculate the greatest common divisor of 55 and 297.
11
Calculate the highest common factor of 29259 and 9.
9
Calculate the greatest common factor of 7205 and 55.
55
Calculate the greatest common factor of 87 and 783.
87
Calculate the greatest common divisor of 627 and 33.
33
Calculate the greatest common divisor of 960 and 45.
15
Calculate the greatest common factor of 25644 and 12.
12
Calculate the highest common divisor of 79 and 6557.
79
Calculate the greatest common factor of 285 and 15.
15
Calculate the highest common divisor of 23 and 1541.
23
What is the greatest common divisor of 253 and 92?
23
What is the highest common factor of 20 and 60?
20
Calculate the highest common divisor of 91 and 416.
13
Calculate the greatest common factor of 1170 and 29484.
234
What is the greatest common divisor of 775 and 25?
25
Calculate the highest common divisor of 11 and 17.
1
What is the greatest common divisor of 52 and 598?
26
What is the highest common factor of 9 and 171?
9
Calculate the highest common factor of 14728 and 7.
7
What is the greatest common factor of 47 and 31?
1
What is the highest common divisor of 99 and 10197?
99
Calculate the highest common factor of 207 and 18.
9
Calculate the highest common divisor of 1376 and 32.
32
Calculate the highest common divisor of 34 and 306.
34
Calculate the highest common divisor of 40469 and 143.
143
Calculate the greatest common divisor of 1713 and 1.
1
What is the greatest common factor of 452 and 2825?
113
Calculate the highest common factor of 223 and 2007.
223
What is the highest common factor of 8730 and 90?
90
Calculate the highest common divisor of 12 and 260.
4
What is the greatest common factor of 20 and 15?
5
What is the greatest common factor of 81 and 729?
81
Calculate the greatest common divisor of 234 and 9.
9
Calculate the highest common factor of 2610 and 24.
6
Calculate the highest common divisor of 144 and 4560.
48
Calculate the greatest common factor of 40 and 256.
8
Calculate the highest common divisor of 24 and 3512.
8
What is the highest common divisor of 2 and 14984?
2
What is the greatest common factor of 1564 and 204?
68
What is the greatest common factor of 3 and 30?
3
What is the greatest common divisor of 855 and 45?
45
What is the highest common factor of 1036 and 28?
28
Calculate the greatest common factor of 9 and 4689.
9
What is the greatest common divisor of 1339 and 39?
13
Calculate the greatest common divisor of 23 and 115.
23
What is the greatest common factor of 161 and 23?
23
What is the highest common divis